tors of -5 - (2 - (-11 - -4276)).
2, 2129
Let y(j) = j**3 + 9*j**2 - 6. Let w be y(-9). Let d = w + -4. Let i = 21 - d. List the prime factors of i.
31
Suppose 0 = 5*i - 3124 + 944. What are the prime factors of i?
2, 109
Let t(k) = -k**2 + 9*k. Let p be t(4). Let a be (-4 - -2)/(-1) + -4. List the prime factors of -1 - -3 - p/a.
2, 3
Suppose 0 = -0*x + 3*x. Let q = 5 - x. Suppose -h - 31 = -4*y, -17 = -q*y + 2*h + 24. List the prime factors of y.
7
Let m(k) = 11*k**2 - 3*k - 4. Let p be m(3). Suppose -349 - p = -5*f. List the prime factors of f.
3, 29
Suppose -5*g - 10 = -4*g. Let c = 12 + g. Suppose -2*r - c*r = -24. List the prime factors of r.
2, 3
Suppose 3*p = 5*u - 1980, -676 = -3*u + 3*p + 518. List the prime factors of u.
3, 131
Suppose -7*i + 4409 = 489. List the prime factors of i.
2, 5, 7
Let s = -427 + 722. List the prime factors of s.
5, 59
Let c = 830 - 463. List the prime factors of c.
367
Let g(q) = q**3 + 19*q**2 - 14*q + 57. List the prime factors of g(-18).
3, 211
Suppose -8 = -3*v - 0*p - 5*p, -4*p = -v + 31. List the prime factors of 1080/v + 4/(-22).
2, 7
Let j(h) = 5*h + 13. Let s(n) = 3*n + 9. Let m(g) = 5*j(g) - 8*s(g). Let l be m(10). Suppose -l*c = -3*w - 84, 3*c - c - 53 = w. List the prime factors of c.
5
Let s = 21 + -13. Suppose s*f - 721 = f. What are the prime factors of f?
103
Let o(q) be the first derivative of 11*q**2 - 21*q - 5. Let b be o(11). Suppose 165 = 3*v + n, -4*v + 0*n + b = n. List the prime factors of v.
2, 7
What are the prime factors of (62/4 + -1)/(7/448)?
2, 29
Suppose 4*q - 3*u = -27, 3*q + 3*u - 1 = u. What are the prime factors of (q/(-9))/((-1 + 2)/603)?
3, 67
Suppose 3*f - 2829 = -3*y - 0*f, -1862 = -2*y + 4*f. Suppose -2*c + 3*c - 753 = -4*z, 0 = 5*z + 2*c - y. What are the prime factors of z?
3, 7
Let l = 69 - 42. Let o be (-47)/((0 + -1)*1). Let b = o - l. What are the prime factors of b?
2, 5
Let l be 4 + (-3)/(15/10). Suppose -10 + 2 = -l*n. Suppose -n*t = -9*t + 20. List the prime factors of t.
2
Suppose 0 = 5*b - 3*q + 166, 0 = -5*b - 5*q - 62 - 88. Let m = b + 51. Let a = m - -26. What are the prime factors of a?
3, 5
Let h be -21 - -348 - (1 + 1). Suppose -4*n + h = 77. What are the prime factors of n?
2, 31
Let i = 1579 - 959. Suppose 8*s - 3*s - i = 0. List the prime factors of s.
2, 31
Suppose -3*n - 6939 + 753 = 0. What are the prime factors of n/(-14) - 2/7?
3, 7
Let y(x) = x + 31. Let s = 8 + 1. Suppose 4*p = s*p + 70. What are the prime factors of y(p)?
17
Suppose 3*k - 8727 = -4*y, 7*k + 8726 = 4*y + 9*k. What are the prime factors of y?
3, 727
Suppose 73 = -3*z + 28. List the prime factors of ((-10)/z)/(4/174).
29
Let v(o) be the third derivative of -o**5/60 - o**4/3 - 2*o**2. Let b be v(-5). List the prime factors of ((-8)/10)/((-1)/b).
2, 3
Let j = 65 - 72. Let v(w) = w**2 - 5*w + 8. What are the prime factors of v(j)?
2, 23
Let d(m) = -70*m - 3. Let y be ((-4)/3)/(14/(-441)). Let c = -43 + y. What are the prime factors of d(c)?
67
Suppose 4*t + 1085 - 5045 = -5*u, -3*t + 2935 = -5*u. List the prime factors of t.
5, 197
Let s(o) = 3*o**2 - 18*o + 47. What are the prime factors of s(15)?
2, 113
Let x(h) = h**3 + 7*h**2 - h - 3. Let b be x(-7). Let c(l) = -431 + 216 + 201 + 9*l. List the prime factors of c(b).
2, 11
Let r(u) = 47*u**2 - 14*u - 34. List the prime factors of r(-4).
2, 3, 43
Let d(j) = -j**3 + 10*j**2 + 14*j - 4. Let q(w) = w**3 - 11*w**2 - 15*w + 5. Let g(r) = -5*d(r) - 6*q(r). List the prime factors of g(17).
41
Suppose 3*z + 3*v - 1561 = -2*z, -5*z - 5*v + 1555 = 0. What are the prime factors of z?
2, 157
Let a = -242 + 245. Let b(z) = -z + 6*z + 2*z - z**2 - 4. List the prime factors of b(a).
2
Let o = -391 - -751. List the prime factors of o.
2, 3, 5
Suppose -15 = -6*c + 15. Let v(y) = -5*y - 4. Let n be v(-4). Suppose -2*t - 2*g + n = -3*g, -50 = -c*t + 5*g. What are the prime factors of t?
2, 3
Suppose 2*c - 147 = 9*c. Let z = c - -23. Suppose 0 = l - 3*g - 55, z*l - 194 = -2*l - g. List the prime factors of l.
7
Let t(g) be the first derivative of -89*g**4/4 - g**3/3 - g**2 - 2*g + 35. List the prime factors of t(-1).
2, 11
Let h = 892 - 614. List the prime factors of h.
2, 139
Let o be -2 + 0 + 16/4. Suppose o*x = 6*x - 32. What are the prime factors of 6*12/x - -4?
13
Suppose 881 + 1291 = 2*n. List the prime factors of n.
2, 3, 181
Suppose -y + 4*y - 51 = 0. Let u(c) = -c + 20. Let s be u(y). Suppose 0 = -l - 1, -l = -s*b + 190 - 24. What are the prime factors of b?
5, 11
Let c(m) = 3*m**3. Let u be c(1). Suppose u*o + 5*i = o + 116, 2*i = -2*o + 116. List the prime factors of o.
2, 29
Let c be 5 + -7 - (-2)/3*3. Let t(o) = o**3 + o**2 + 157. List the prime factors of t(c).
157
Let p(k) = 2*k**2 - 6*k + 2. Let r be p(-4). Suppose 5*d + 17 + r = 0. Let i = 39 - d. List the prime factors of i.
2, 3
Suppose 4*w + q - 6551 = 0, 5*w + 0*w + 2*q - 8188 = 0. What are the prime factors of w?
2, 3, 7, 13
Let n = 4 + -5. Let w be (-2 - n - -2)*1. List the prime factors of 0 + ((-99)/w)/(-3).
3, 11
Let l be (-2 - (3 - 3))*-2. Suppose -5*y + 16 = q, -2*q + 3*q - 14 = -l*y. Suppose q*t = 2*t + 28. List the prime factors of t.
7
Let c(p) = -36*p + 28. Let l be c(-2). Suppose 59*v - l = 54*v. What are the prime factors of v?
2, 5
List the prime factors of ((-42)/24)/((-4)/1264).
7, 79
Suppose 0 = -9*z + 6*z + 306. Suppose 2*g - 8 - z = 0. What are the prime factors of g?
5, 11
Suppose -13*k + 199 = -646. Let q = k - -37. What are the prime factors of q?
2, 3, 17
Suppose l = 5*f - 10, 0 = 5*f + 5*l - 0*l - 40. Suppose -155 = -3*p + 4*k, f*k = p + 2*p - 159. What are the prime factors of p?
3, 19
Let r be (6 + -12)*(-3)/6. Let u = r + 40. What are the prime factors of u?
43
Let c = 13 + -3. Let v(s) = s**3 - 9*s**2 - 10*s + 6. Let w be v(c). Suppose -2*i + 28 = -w. List the prime factors of i.
17
Let z be 56/10 - (-30)/(-50). Suppose 0 = -z*t + 2*a - 23, t = -3*t - 2*a - 4. Let x(s) = -s**3 - 2*s**2 - 4*s - 2. List the prime factors of x(t).
19
Let g(c) = 154*c**2 + c + 1. Let t be g(-1). Suppose -2*j - 6*v = -2*v - t, 0 = -5*j + 2*v + 325. What are the prime factors of j?
67
Let l(d) = d**2 + 2*d + 4. Let k be l(0). Suppose 5*x + 31 = 2*o, 29 = -4*x - 0*o + 3*o. List the prime factors of x*(396/(-15))/k.
3, 11
Let t(u) = 10*u + 1. Let b be t(-1). List the prime factors of 516/b*3*-1.
2, 43
Let z be (-3)/15*(-9 + 4). Let x(j) = -73*j - 1. Let a be x(z). Let s = a + 138. List the prime factors of s.
2
Let h(q) = 2*q**3 - 3*q**2 + q - 6. Let f be h(3). Suppose 0 = -2*j + 2 - f. Let w(b) = -b**3 - 11*b**2 - 5*b - 15. What are the prime factors of w(j)?
2, 5
Let z(j) = 23*j + 2. Let f(s) = 68*s + 5. Let w(t) = -4*f(t) + 11*z(t). List the prime factors of w(-4).
2, 3, 13
Suppose 4 - 12 = -4*g. Suppose 6 = 4*v - g. Suppose -3*k = -3*n + v*n + 32, 0 = -4*k + 8. What are the prime factors of n?
2, 19
Suppose 0 = -4*q - 3*s + 10172, 5*q - 3*s - 3412 = 9276. What are the prime factors of q?
2, 5, 127
Suppose n + 2*n = -18. Let l = n - -10. What are the prime factors of 111/7 + l/28?
2
Suppose 3*l - l - 3*u = 834, -4*u = -2*l + 838. Suppose 41 + l = 4*h. List the prime factors of h.
113
Let t be (-10 - -3) + 3 - 13. What are the prime factors of (t - 0)/((-2)/6)?
3, 17
Suppose w - 5*r - 5 = -0, 2*w - 34 = -2*r. Suppose -2*m - m = -w. Suppose -m*o + 0*s + 107 = -3*s, 3*o + 5*s - 71 = 0. What are the prime factors of o?
2, 11
Let a(l) = -l**2 - 11*l + 8. Let x be a(-12). Let o(r) = -2*r**3 + 5*r**2 + 4*r + 13. What are the prime factors of o(x)?
5, 41
Let m(r) = -3*r - 10. Suppose -5*x = -4*x. Let h be -10 + 2 - (x - 1). List the prime factors of m(h).
11
What are the prime factors of ((-58)/(-87))/((-2)/(-2391))?
797
List the prime factors of -1 + 5 + (22 - (-1759 + -22)).
13, 139
Let u(d) = -905*d - 7. List the prime factors of u(-1).
2, 449
Let p(g) = 104*g - 292. What are the prime factors of p(7)?
2, 109
Suppose -2*l - 3*d + 79 = 0, l - 4*d + 11 = 23. List the prime factors of l.
2
Let s(l) = l**2 + 6. Let b be s(-5). Suppose b - 83 = -a. Suppose 5*r + a = 9*r. What are the prime factors of r?
13
Let t = 5 - 1. Let w(u) = -3*u**3 - 3*u**2 - 6*u - 8. Let p be w(-3). Suppose 3*r = t*d - 53, -3*d - 4*r + p = -7. What are the prime factors of d?
17
Suppose 20 - 47 = -9